{"id":99381,"date":"2025-06-23T10:27:46","date_gmt":"2025-06-23T08:27:46","guid":{"rendered":"https:\/\/lacantinettaweb.com\/prodotto\/recaredo-corpinnat-brut-nature-2019-alt-penedes-bollicine-bianco-2\/"},"modified":"2026-08-05T14:39:54","modified_gmt":"2026-08-05T12:39:54","slug":"recaredo-corpinnat-brut-nature-2019-alt-penedes-bollicine-bianco-2","status":"publish","type":"product","link":"https:\/\/lacantinettaweb.com\/es\/prodotto\/recaredo-corpinnat-brut-nature-2019-alt-penedes-bollicine-bianco-2\/","title":{"rendered":"Recaredo Corpinnat Brut Nature 2019 Alt Pened\u00e9s Espumoso Blanco"},"content":{"rendered":"<p>El 2019 CORPINNAT BRUT NATURE Terres de RECAREDO es un vino espumoso blanco procedente de la regi\u00f3n del Alt Pened\u00e9s, m\u00e1s precisamente del coraz\u00f3n del territorio del Corpinnat en Sant Sadurn\u00ed d&#039;Anoia. Este vino nace exclusivamente de vi\u00f1edos de propiedad cultivados en suelos fuertemente calc\u00e1reos, con una vendimia manual que garantiza el m\u00e1ximo cuidado en la selecci\u00f3n de las uvas. Formato: 0,75 l Grado alcoh\u00f3lico: 12 Vendimia\/A\u00f1o: Manual Notas organol\u00e9pticas: Vino profundo y transparente. Complejo y fresco. Suelo: Suelos fuertemente calc\u00e1reos Vi\u00f1edo: Exclusivamente vi\u00f1edos de propiedad en el coraz\u00f3n del territorio del Corpinnat (Sant Sadurn\u00ed d&#039;Anoia). Rendimiento por hect\u00e1rea: 22 hl\/ha Un vino de elegancia sobria y frescura equilibrada, ideal para quienes desean descubrir las burbujas de calidad del Alt Pened\u00e9s. Perfecto para acompa\u00f1ar momentos de degustaci\u00f3n refinada, el 2019 CORPINNAT BRUT NATURE Terres se presta a ser apreciado tanto en combinaci\u00f3n con platos ligeros como aperitivo.<\/p>\n","protected":false},"excerpt":{"rendered":"<p>El 2019 CORPINNAT BRUT NATURE Terres de RECAREDO es un vino espumoso blanco procedente de la regi\u00f3n del Alt Pened\u00e9s, m\u00e1s precisamente del coraz\u00f3n del territorio del Corpinnat en Sant Sadurn\u00ed d&#8217;Anoia. Este vino nace exclusivamente de vi\u00f1edos de propiedad cultivados en&#8230;<\/p>\n","protected":false},"featured_media":59249,"comment_status":"closed","ping_status":"closed","template":"","meta":{"_acf_changed":false},"product_brand":[569],"product_cat":[3431,3411,3523],"product_tag":[],"class_list":["post-99381","product","type-product","status-publish","has-post-thumbnail","product_brand-recaredo","product_cat-alto-penedes","product_cat-blanco","product_cat-vino-espumoso","first","instock","taxable","shipping-taxable","purchasable","product-type-simple"],"acf":[],"yoast_head":"<!-- This site is optimized with the Yoast SEO plugin v28.4 - https:\/\/yoast.com\/product\/yoast-seo-wordpress\/ -->\n<title>Recaredo Corpinnat Brut Nature 2019 Alt Pened\u00e9s Espumoso Blanco - La Cantinetta Web<\/title>\n<meta name=\"robots\" content=\"index, follow, max-snippet:-1, max-image-preview:large, max-video-preview:-1\" \/>\n<link rel=\"canonical\" href=\"https:\/\/lacantinettaweb.com\/prodotto\/recaredo-corpinnat-brut-nature-2019-alt-penedes-bollicine-bianco\/\" \/>\n<meta property=\"og:locale\" content=\"es_ES\" \/>\n<meta property=\"og:type\" content=\"article\" \/>\n<meta property=\"og:title\" content=\"Recaredo Corpinnat Brut Nature 2019 Alt Pened\u00e9s Espumoso Blanco - La Cantinetta Web\" \/>\n<meta property=\"og:description\" content=\"El 2019 CORPINNAT BRUT NATURE Terres de RECAREDO es un vino espumoso blanco procedente de la regi\u00f3n del Alt Pened\u00e9s, m\u00e1s precisamente del coraz\u00f3n del territorio del Corpinnat en Sant Sadurn\u00ed d&#039;Anoia. Este vino nace exclusivamente de vi\u00f1edos de propiedad cultivados en...\" \/>\n<meta property=\"og:url\" content=\"https:\/\/lacantinettaweb.com\/prodotto\/recaredo-corpinnat-brut-nature-2019-alt-penedes-bollicine-bianco\/\" \/>\n<meta property=\"og:site_name\" content=\"La Cantinetta Web\" \/>\n<meta property=\"article:modified_time\" content=\"2026-08-05T12:39:54+00:00\" \/>\n<meta property=\"og:image\" content=\"https:\/\/lacantinettaweb.com\/wp-content\/uploads\/2025\/10\/SESPRECBR19.jpg\" \/>\n\t<meta property=\"og:image:width\" content=\"800\" \/>\n\t<meta property=\"og:image:height\" content=\"976\" \/>\n\t<meta property=\"og:image:type\" content=\"image\/jpeg\" \/>\n<meta name=\"twitter:card\" content=\"summary_large_image\" \/>\n<meta name=\"twitter:label1\" content=\"Tiempo de lectura\" \/>\n\t<meta name=\"twitter:data1\" content=\"1 minuto\" \/>\n<script type=\"application\/ld+json\" class=\"yoast-schema-graph\">{\"@context\":\"https:\\\/\\\/schema.org\",\"@graph\":[{\"@type\":\"WebPage\",\"@id\":\"https:\\\/\\\/lacantinettaweb.com\\\/prodotto\\\/recaredo-corpinnat-brut-nature-2019-alt-penedes-bollicine-bianco\\\/\",\"url\":\"https:\\\/\\\/lacantinettaweb.com\\\/prodotto\\\/recaredo-corpinnat-brut-nature-2019-alt-penedes-bollicine-bianco\\\/\",\"name\":\"Recaredo Corpinnat Brut Nature 2019 Alt Pened\u00e9s Espumoso Blanco - La Cantinetta Web\",\"isPartOf\":{\"@id\":\"https:\\\/\\\/lacantinettaweb.com\\\/#website\"},\"primaryImageOfPage\":{\"@id\":\"https:\\\/\\\/lacantinettaweb.com\\\/prodotto\\\/recaredo-corpinnat-brut-nature-2019-alt-penedes-bollicine-bianco\\\/#primaryimage\"},\"image\":{\"@id\":\"https:\\\/\\\/lacantinettaweb.com\\\/prodotto\\\/recaredo-corpinnat-brut-nature-2019-alt-penedes-bollicine-bianco\\\/#primaryimage\"},\"thumbnailUrl\":\"https:\\\/\\\/lacantinettaweb.com\\\/wp-content\\\/uploads\\\/2025\\\/10\\\/SESPRECBR19.jpg\",\"datePublished\":\"2025-06-23T08:27:46+00:00\",\"dateModified\":\"2026-08-05T12:39:54+00:00\",\"breadcrumb\":{\"@id\":\"https:\\\/\\\/lacantinettaweb.com\\\/prodotto\\\/recaredo-corpinnat-brut-nature-2019-alt-penedes-bollicine-bianco\\\/#breadcrumb\"},\"inLanguage\":\"es\",\"potentialAction\":[{\"@type\":\"ReadAction\",\"target\":[\"https:\\\/\\\/lacantinettaweb.com\\\/prodotto\\\/recaredo-corpinnat-brut-nature-2019-alt-penedes-bollicine-bianco\\\/\"]}]},{\"@type\":\"ImageObject\",\"inLanguage\":\"es\",\"@id\":\"https:\\\/\\\/lacantinettaweb.com\\\/prodotto\\\/recaredo-corpinnat-brut-nature-2019-alt-penedes-bollicine-bianco\\\/#primaryimage\",\"url\":\"https:\\\/\\\/lacantinettaweb.com\\\/wp-content\\\/uploads\\\/2025\\\/10\\\/SESPRECBR19.jpg\",\"contentUrl\":\"https:\\\/\\\/lacantinettaweb.com\\\/wp-content\\\/uploads\\\/2025\\\/10\\\/SESPRECBR19.jpg\",\"width\":800,\"height\":976},{\"@type\":\"BreadcrumbList\",\"@id\":\"https:\\\/\\\/lacantinettaweb.com\\\/prodotto\\\/recaredo-corpinnat-brut-nature-2019-alt-penedes-bollicine-bianco\\\/#breadcrumb\",\"itemListElement\":[{\"@type\":\"ListItem\",\"position\":1,\"name\":\"Home\",\"item\":\"https:\\\/\\\/lacantinettaweb.com\\\/es\\\/\"},{\"@type\":\"ListItem\",\"position\":2,\"name\":\"Tienda\",\"item\":\"https:\\\/\\\/lacantinettaweb.com\\\/shop\\\/\"},{\"@type\":\"ListItem\",\"position\":3,\"name\":\"Recaredo Corpinnat Brut Nature 2019 Alt Pened\u00e9s Espumoso Blanco\"}]},{\"@type\":\"WebSite\",\"@id\":\"https:\\\/\\\/lacantinettaweb.com\\\/#website\",\"url\":\"https:\\\/\\\/lacantinettaweb.com\\\/\",\"name\":\"La Cantinetta Web\",\"description\":\"Enoteca Online di Vini e Box Degustazione\",\"potentialAction\":[{\"@type\":\"SearchAction\",\"target\":{\"@type\":\"EntryPoint\",\"urlTemplate\":\"https:\\\/\\\/lacantinettaweb.com\\\/?s={search_term_string}\"},\"query-input\":{\"@type\":\"PropertyValueSpecification\",\"valueRequired\":true,\"valueName\":\"search_term_string\"}}],\"inLanguage\":\"es\"}]}<\/script>\n<!-- \/ Yoast SEO plugin. -->","yoast_head_json":{"title":"Recaredo Corpinnat Brut Nature 2019 Alt Pened\u00e9s Espumoso Blanco - La Cantinetta Web","robots":{"index":"index","follow":"follow","max-snippet":"max-snippet:-1","max-image-preview":"max-image-preview:large","max-video-preview":"max-video-preview:-1"},"canonical":"https:\/\/lacantinettaweb.com\/prodotto\/recaredo-corpinnat-brut-nature-2019-alt-penedes-bollicine-bianco\/","og_locale":"es_ES","og_type":"article","og_title":"Recaredo Corpinnat Brut Nature 2019 Alt Pened\u00e9s Espumoso Blanco - La Cantinetta Web","og_description":"El 2019 CORPINNAT BRUT NATURE Terres de RECAREDO es un vino espumoso blanco procedente de la regi\u00f3n del Alt Pened\u00e9s, m\u00e1s precisamente del coraz\u00f3n del territorio del Corpinnat en Sant Sadurn\u00ed d'Anoia. Este vino nace exclusivamente de vi\u00f1edos de propiedad cultivados en...","og_url":"https:\/\/lacantinettaweb.com\/prodotto\/recaredo-corpinnat-brut-nature-2019-alt-penedes-bollicine-bianco\/","og_site_name":"La Cantinetta Web","article_modified_time":"2026-08-05T12:39:54+00:00","og_image":[{"width":800,"height":976,"url":"https:\/\/lacantinettaweb.com\/wp-content\/uploads\/2025\/10\/SESPRECBR19.jpg","type":"image\/jpeg"}],"twitter_card":"summary_large_image","twitter_misc":{"Tiempo de lectura":"1 minuto"},"schema":{"@context":"https:\/\/schema.org","@graph":[{"@type":"WebPage","@id":"https:\/\/lacantinettaweb.com\/prodotto\/recaredo-corpinnat-brut-nature-2019-alt-penedes-bollicine-bianco\/","url":"https:\/\/lacantinettaweb.com\/prodotto\/recaredo-corpinnat-brut-nature-2019-alt-penedes-bollicine-bianco\/","name":"Recaredo Corpinnat Brut Nature 2019 Alt Pened\u00e9s Espumoso Blanco - La Cantinetta Web","isPartOf":{"@id":"https:\/\/lacantinettaweb.com\/#website"},"primaryImageOfPage":{"@id":"https:\/\/lacantinettaweb.com\/prodotto\/recaredo-corpinnat-brut-nature-2019-alt-penedes-bollicine-bianco\/#primaryimage"},"image":{"@id":"https:\/\/lacantinettaweb.com\/prodotto\/recaredo-corpinnat-brut-nature-2019-alt-penedes-bollicine-bianco\/#primaryimage"},"thumbnailUrl":"https:\/\/lacantinettaweb.com\/wp-content\/uploads\/2025\/10\/SESPRECBR19.jpg","datePublished":"2025-06-23T08:27:46+00:00","dateModified":"2026-08-05T12:39:54+00:00","breadcrumb":{"@id":"https:\/\/lacantinettaweb.com\/prodotto\/recaredo-corpinnat-brut-nature-2019-alt-penedes-bollicine-bianco\/#breadcrumb"},"inLanguage":"es","potentialAction":[{"@type":"ReadAction","target":["https:\/\/lacantinettaweb.com\/prodotto\/recaredo-corpinnat-brut-nature-2019-alt-penedes-bollicine-bianco\/"]}]},{"@type":"ImageObject","inLanguage":"es","@id":"https:\/\/lacantinettaweb.com\/prodotto\/recaredo-corpinnat-brut-nature-2019-alt-penedes-bollicine-bianco\/#primaryimage","url":"https:\/\/lacantinettaweb.com\/wp-content\/uploads\/2025\/10\/SESPRECBR19.jpg","contentUrl":"https:\/\/lacantinettaweb.com\/wp-content\/uploads\/2025\/10\/SESPRECBR19.jpg","width":800,"height":976},{"@type":"BreadcrumbList","@id":"https:\/\/lacantinettaweb.com\/prodotto\/recaredo-corpinnat-brut-nature-2019-alt-penedes-bollicine-bianco\/#breadcrumb","itemListElement":[{"@type":"ListItem","position":1,"name":"Home","item":"https:\/\/lacantinettaweb.com\/es\/"},{"@type":"ListItem","position":2,"name":"Tienda","item":"https:\/\/lacantinettaweb.com\/shop\/"},{"@type":"ListItem","position":3,"name":"Recaredo Corpinnat Brut Nature 2019 Alt Pened\u00e9s Espumoso Blanco"}]},{"@type":"WebSite","@id":"https:\/\/lacantinettaweb.com\/#website","url":"https:\/\/lacantinettaweb.com\/","name":"La Cantinetta Web","description":"Enoteca Online di Vini e Box Degustazione","potentialAction":[{"@type":"SearchAction","target":{"@type":"EntryPoint","urlTemplate":"https:\/\/lacantinettaweb.com\/?s={search_term_string}"},"query-input":{"@type":"PropertyValueSpecification","valueRequired":true,"valueName":"search_term_string"}}],"inLanguage":"es"}]}},"_links":{"self":[{"href":"https:\/\/lacantinettaweb.com\/es\/wp-json\/wp\/v2\/product\/99381","targetHints":{"allow":["GET"]}}],"collection":[{"href":"https:\/\/lacantinettaweb.com\/es\/wp-json\/wp\/v2\/product"}],"about":[{"href":"https:\/\/lacantinettaweb.com\/es\/wp-json\/wp\/v2\/types\/product"}],"replies":[{"embeddable":true,"href":"https:\/\/lacantinettaweb.com\/es\/wp-json\/wp\/v2\/comments?post=99381"}],"wp:featuredmedia":[{"embeddable":true,"href":"https:\/\/lacantinettaweb.com\/es\/wp-json\/wp\/v2\/media\/59249"}],"wp:attachment":[{"href":"https:\/\/lacantinettaweb.com\/es\/wp-json\/wp\/v2\/media?parent=99381"}],"wp:term":[{"taxonomy":"product_brand","embeddable":true,"href":"https:\/\/lacantinettaweb.com\/es\/wp-json\/wp\/v2\/product_brand?post=99381"},{"taxonomy":"product_cat","embeddable":true,"href":"https:\/\/lacantinettaweb.com\/es\/wp-json\/wp\/v2\/product_cat?post=99381"},{"taxonomy":"product_tag","embeddable":true,"href":"https:\/\/lacantinettaweb.com\/es\/wp-json\/wp\/v2\/product_tag?post=99381"}],"curies":[{"name":"wp","href":"https:\/\/api.w.org\/{rel}","templated":true}]}}

Recaredo Corpinnat Brut Nature 2019 Alt Penedés Espumoso Blanco

<p>El 2019 CORPINNAT BRUT NATURE Terres de RECAREDO es un vino espumoso blanco procedente de la región del Alt Penedés, más precisamente del corazón del territorio del Corpinnat en Sant Sadurní d&#039;Anoia. Este vino nace exclusivamente de viñedos de propiedad cultivados en suelos fuertemente calcáreos, con una vendimia manual que garantiza el máximo cuidado en la selección de las uvas. Formato: 0,75 l Grado alcohólico: 12 Vendimia/Año: Manual Notas organolépticas: Vino profundo y transparente. Complejo y fresco. Suelo: Suelos fuertemente calcáreos Viñedo: Exclusivamente viñedos de propiedad en el corazón del territorio del Corpinnat (Sant Sadurní d&#039;Anoia). Rendimiento por hectárea: 22 hl/ha Un vino de elegancia sobria y frescura equilibrada, ideal para quienes desean descubrir las burbujas de calidad del Alt Penedés. Perfecto para acompañar momentos de degustación refinada, el 2019 CORPINNAT BRUT NATURE Terres se presta a ser apreciado tanto en combinación con platos ligeros como aperitivo.</p>

<p>El 2019 CORPINNAT BRUT NATURE Terres de RECAREDO es un vino espumoso blanco procedente de la región del Alt Penedés, más precisamente del corazón del territorio del Corpinnat en Sant Sadurní d&#8217;Anoia. Este vino nace exclusivamente de viñedos de propiedad cultivados en&#8230;</p>

<!-- This site is optimized with the Yoast SEO plugin v28.4 - https://yoast.com/product/yoast-seo-wordpress/ -->
<title>Recaredo Corpinnat Brut Nature 2019 Alt Penedés Espumoso Blanco - La Cantinetta Web</title>
<meta name="robots" content="index, follow, max-snippet:-1, max-image-preview:large, max-video-preview:-1" />
<link rel="canonical" href="https://lacantinettaweb.com/prodotto/recaredo-corpinnat-brut-nature-2019-alt-penedes-bollicine-bianco/" />
<meta property="og:locale" content="es_ES" />
<meta property="og:type" content="article" />
<meta property="og:title" content="Recaredo Corpinnat Brut Nature 2019 Alt Penedés Espumoso Blanco - La Cantinetta Web" />
<meta property="og:description" content="El 2019 CORPINNAT BRUT NATURE Terres de RECAREDO es un vino espumoso blanco procedente de la región del Alt Penedés, más precisamente del corazón del territorio del Corpinnat en Sant Sadurní d&#039;Anoia. Este vino nace exclusivamente de viñedos de propiedad cultivados en..." />
<meta property="og:url" content="https://lacantinettaweb.com/prodotto/recaredo-corpinnat-brut-nature-2019-alt-penedes-bollicine-bianco/" />
<meta property="og:site_name" content="La Cantinetta Web" />
<meta property="article:modified_time" content="2026-08-05T12:39:54+00:00" />
<meta property="og:image" content="https://lacantinettaweb.com/wp-content/uploads/2025/10/SESPRECBR19.jpg" />
	<meta property="og:image:width" content="800" />
	<meta property="og:image:height" content="976" />
	<meta property="og:image:type" content="image/jpeg" />
<meta name="twitter:card" content="summary_large_image" />
<meta name="twitter:label1" content="Tiempo de lectura" />
	<meta name="twitter:data1" content="1 minuto" />
<script type="application/ld+json" class="yoast-schema-graph">{"@context":"https:\/\/schema.org","@graph":[{"@type":"WebPage","@id":"https:\/\/lacantinettaweb.com\/prodotto\/recaredo-corpinnat-brut-nature-2019-alt-penedes-bollicine-bianco\/","url":"https:\/\/lacantinettaweb.com\/prodotto\/recaredo-corpinnat-brut-nature-2019-alt-penedes-bollicine-bianco\/","name":"Recaredo Corpinnat Brut Nature 2019 Alt Penedés Espumoso Blanco - La Cantinetta Web","isPartOf":{"@id":"https:\/\/lacantinettaweb.com\/#website"},"primaryImageOfPage":{"@id":"https:\/\/lacantinettaweb.com\/prodotto\/recaredo-corpinnat-brut-nature-2019-alt-penedes-bollicine-bianco\/#primaryimage"},"image":{"@id":"https:\/\/lacantinettaweb.com\/prodotto\/recaredo-corpinnat-brut-nature-2019-alt-penedes-bollicine-bianco\/#primaryimage"},"thumbnailUrl":"https:\/\/lacantinettaweb.com\/wp-content\/uploads\/2025\/10\/SESPRECBR19.jpg","datePublished":"2025-06-23T08:27:46+00:00","dateModified":"2026-08-05T12:39:54+00:00","breadcrumb":{"@id":"https:\/\/lacantinettaweb.com\/prodotto\/recaredo-corpinnat-brut-nature-2019-alt-penedes-bollicine-bianco\/#breadcrumb"},"inLanguage":"es","potentialAction":[{"@type":"ReadAction","target":["https:\/\/lacantinettaweb.com\/prodotto\/recaredo-corpinnat-brut-nature-2019-alt-penedes-bollicine-bianco\/"]}]},{"@type":"ImageObject","inLanguage":"es","@id":"https:\/\/lacantinettaweb.com\/prodotto\/recaredo-corpinnat-brut-nature-2019-alt-penedes-bollicine-bianco\/#primaryimage","url":"https:\/\/lacantinettaweb.com\/wp-content\/uploads\/2025\/10\/SESPRECBR19.jpg","contentUrl":"https:\/\/lacantinettaweb.com\/wp-content\/uploads\/2025\/10\/SESPRECBR19.jpg","width":800,"height":976},{"@type":"BreadcrumbList","@id":"https:\/\/lacantinettaweb.com\/prodotto\/recaredo-corpinnat-brut-nature-2019-alt-penedes-bollicine-bianco\/#breadcrumb","itemListElement":[{"@type":"ListItem","position":1,"name":"Home","item":"https:\/\/lacantinettaweb.com\/es\/"},{"@type":"ListItem","position":2,"name":"Tienda","item":"https:\/\/lacantinettaweb.com\/shop\/"},{"@type":"ListItem","position":3,"name":"Recaredo Corpinnat Brut Nature 2019 Alt Penedés Espumoso Blanco"}]},{"@type":"WebSite","@id":"https:\/\/lacantinettaweb.com\/#website","url":"https:\/\/lacantinettaweb.com\/","name":"La Cantinetta Web","description":"Enoteca Online di Vini e Box Degustazione","potentialAction":[{"@type":"SearchAction","target":{"@type":"EntryPoint","urlTemplate":"https:\/\/lacantinettaweb.com\/?s={search_term_string}"},"query-input":{"@type":"PropertyValueSpecification","valueRequired":true,"valueName":"search_term_string"}}],"inLanguage":"es"}]}</script>
<!-- / Yoast SEO plugin. -->

Recaredo Corpinnat Brut Nature 2019 Alt Penedés Espumoso Blanco - La Cantinetta Web

El 2019 CORPINNAT BRUT NATURE Terres de RECAREDO es un vino espumoso blanco procedente de la región del Alt Penedés, más precisamente del corazón del territorio del Corpinnat en Sant Sadurní d'Anoia. Este vino nace exclusivamente de viñedos de propiedad cultivados en...
