{"id":87749,"date":"2025-06-23T14:05:43","date_gmt":"2025-06-23T12:05:43","guid":{"rendered":"https:\/\/lacantinettaweb.com\/prodotto\/adelseck-riesling-alte-reben-nahe-bianco-2023-vino-fermo-2\/"},"modified":"2025-10-16T11:17:18","modified_gmt":"2025-10-16T09:17:18","slug":"adelseck-riesling-alte-reben-nahe-bianco-2023-vino-fermo-2","status":"publish","type":"product","link":"https:\/\/lacantinettaweb.com\/fr\/prodotto\/adelseck-riesling-alte-reben-nahe-bianco-2023-vino-fermo-2\/","title":{"rendered":"Adelseck Riesling Alte Reben Nahe Bianco 2023 Vin Fum\u00e9"},"content":{"rendered":"<p>Le Riesling Alte Reben 2023 de la cave ADELSECK est un vin blanc sec provenant de la r\u00e9gion de Nahe, l&#039;une des zones viticoles les plus int\u00e9ressantes d&#039;Allemagne. Ce Riesling est issu de vignobles situ\u00e9s sur des sols porphyriques, avec une exposition sud-ouest et une altitude de 80 m\u00e8tres au-dessus du niveau de la mer, qui conf\u00e8rent au vin un caract\u00e8re distinctif et une richesse min\u00e9rale unique. Mill\u00e9sime : 2023 Taux d&#039;alcool : 12,5 % Cave : Syst\u00e8me de treillis VSP Vendange\/Mill\u00e9sime : Manuelle en caisse avec s\u00e9lection dans le vignoble d\u00e9but novembre Notes organoleptiques : Pr\u00e9sente les notes vari\u00e9tales caract\u00e9ristiques du Riesling, il est plein, cors\u00e9 avec des rappels min\u00e9raux \u00e9vidents Sol : Porphyrique Vignoble : Laubenheimer Karthuser 1ha &#8211; 3500 ceps\/ha &#8211; espacement 1,50&#215;0,70 &#8211; altitude 80 m\/SLM &#8211; exposition sud-ouest Vinification\/Affinage : En cuves inox \u00e0 basse temp\u00e9rature Rendement par hectare : 20 qx\/ha Un vin qui se distingue par sa complexit\u00e9 et sa fra\u00eecheur, id\u00e9al pour ceux qui souhaitent explorer les nuances typiques du Riesling de Nahe. Parfait \u00e0 d\u00e9guster avec des plats \u00e0 base de poisson ou des fromages doux, c&#039;est un excellent choix pour enrichir sa cave avec une \u00e9tiquette de qualit\u00e9.<\/p>\n","protected":false},"excerpt":{"rendered":"<p>Le Riesling Alte Reben 2023 de la cave ADELSECK est un vin blanc sec provenant de la r\u00e9gion de Nahe, l&#8217;une des zones viticoles les plus int\u00e9ressantes d&#8217;Allemagne. Ce Riesling est issu de vignobles situ\u00e9s sur des sols porphyriques, avec une exposition sud-ouest et une altitude&#8230;<\/p>\n","protected":false},"featured_media":60429,"comment_status":"closed","ping_status":"closed","template":"","meta":{"_acf_changed":false},"product_brand":[1097],"product_cat":[3253,3305,3372],"product_tag":[],"class_list":["post-87749","product","type-product","status-publish","has-post-thumbnail","product_brand-adelseck","product_cat-blanc","product_cat-nahe","product_cat-vin-tranquille","first","instock","taxable","shipping-taxable","purchasable","product-type-simple"],"acf":[],"yoast_head":"<!-- This site is optimized with the Yoast SEO plugin v28.3 - https:\/\/yoast.com\/product\/yoast-seo-wordpress\/ -->\n<title>Adelseck Riesling Alte Reben Nahe Bianco 2023 Vin Fum\u00e9 - La Cantinetta Web<\/title>\n<meta name=\"robots\" content=\"index, follow, max-snippet:-1, max-image-preview:large, max-video-preview:-1\" \/>\n<link rel=\"canonical\" href=\"https:\/\/lacantinettaweb.com\/prodotto\/adelseck-riesling-alte-reben-nahe-bianco-2023-vino-fermo\/\" \/>\n<meta property=\"og:locale\" content=\"fr_FR\" \/>\n<meta property=\"og:type\" content=\"article\" \/>\n<meta property=\"og:title\" content=\"Adelseck Riesling Alte Reben Nahe Bianco 2023 Vin Fum\u00e9 - La Cantinetta Web\" \/>\n<meta property=\"og:description\" content=\"Le Riesling Alte Reben 2023 de la cave ADELSECK est un vin blanc sec provenant de la r\u00e9gion de Nahe, l&#039;une des zones viticoles les plus int\u00e9ressantes d&#039;Allemagne. Ce Riesling est issu de vignobles situ\u00e9s sur des sols porphyriques, avec une exposition sud-ouest et une altitude...\" \/>\n<meta property=\"og:url\" content=\"https:\/\/lacantinettaweb.com\/prodotto\/adelseck-riesling-alte-reben-nahe-bianco-2023-vino-fermo\/\" \/>\n<meta property=\"og:site_name\" content=\"La Cantinetta Web\" \/>\n<meta property=\"article:modified_time\" content=\"2025-10-16T09:17:18+00:00\" \/>\n<meta property=\"og:image\" content=\"https:\/\/lacantinettaweb.com\/wp-content\/uploads\/2025\/10\/VEGEADERIS23.jpg\" \/>\n\t<meta property=\"og:image:width\" content=\"800\" \/>\n\t<meta property=\"og:image:height\" content=\"976\" \/>\n\t<meta property=\"og:image:type\" content=\"image\/jpeg\" \/>\n<meta name=\"twitter:card\" content=\"summary_large_image\" \/>\n<meta name=\"twitter:label1\" content=\"Dur\u00e9e de lecture estim\u00e9e\" \/>\n\t<meta name=\"twitter:data1\" content=\"1 minute\" \/>\n<script type=\"application\/ld+json\" class=\"yoast-schema-graph\">{\"@context\":\"https:\\\/\\\/schema.org\",\"@graph\":[{\"@type\":\"WebPage\",\"@id\":\"https:\\\/\\\/lacantinettaweb.com\\\/prodotto\\\/adelseck-riesling-alte-reben-nahe-bianco-2023-vino-fermo\\\/\",\"url\":\"https:\\\/\\\/lacantinettaweb.com\\\/prodotto\\\/adelseck-riesling-alte-reben-nahe-bianco-2023-vino-fermo\\\/\",\"name\":\"Adelseck Riesling Alte Reben Nahe Bianco 2023 Vin Fum\u00e9 - La Cantinetta Web\",\"isPartOf\":{\"@id\":\"https:\\\/\\\/lacantinettaweb.com\\\/#website\"},\"primaryImageOfPage\":{\"@id\":\"https:\\\/\\\/lacantinettaweb.com\\\/prodotto\\\/adelseck-riesling-alte-reben-nahe-bianco-2023-vino-fermo\\\/#primaryimage\"},\"image\":{\"@id\":\"https:\\\/\\\/lacantinettaweb.com\\\/prodotto\\\/adelseck-riesling-alte-reben-nahe-bianco-2023-vino-fermo\\\/#primaryimage\"},\"thumbnailUrl\":\"https:\\\/\\\/lacantinettaweb.com\\\/wp-content\\\/uploads\\\/2025\\\/10\\\/VEGEADERIS23.jpg\",\"datePublished\":\"2025-06-23T12:05:43+00:00\",\"dateModified\":\"2025-10-16T09:17:18+00:00\",\"breadcrumb\":{\"@id\":\"https:\\\/\\\/lacantinettaweb.com\\\/prodotto\\\/adelseck-riesling-alte-reben-nahe-bianco-2023-vino-fermo\\\/#breadcrumb\"},\"inLanguage\":\"fr-FR\",\"potentialAction\":[{\"@type\":\"ReadAction\",\"target\":[\"https:\\\/\\\/lacantinettaweb.com\\\/prodotto\\\/adelseck-riesling-alte-reben-nahe-bianco-2023-vino-fermo\\\/\"]}]},{\"@type\":\"ImageObject\",\"inLanguage\":\"fr-FR\",\"@id\":\"https:\\\/\\\/lacantinettaweb.com\\\/prodotto\\\/adelseck-riesling-alte-reben-nahe-bianco-2023-vino-fermo\\\/#primaryimage\",\"url\":\"https:\\\/\\\/lacantinettaweb.com\\\/wp-content\\\/uploads\\\/2025\\\/10\\\/VEGEADERIS23.jpg\",\"contentUrl\":\"https:\\\/\\\/lacantinettaweb.com\\\/wp-content\\\/uploads\\\/2025\\\/10\\\/VEGEADERIS23.jpg\",\"width\":800,\"height\":976},{\"@type\":\"BreadcrumbList\",\"@id\":\"https:\\\/\\\/lacantinettaweb.com\\\/prodotto\\\/adelseck-riesling-alte-reben-nahe-bianco-2023-vino-fermo\\\/#breadcrumb\",\"itemListElement\":[{\"@type\":\"ListItem\",\"position\":1,\"name\":\"Home\",\"item\":\"https:\\\/\\\/lacantinettaweb.com\\\/fr\\\/\"},{\"@type\":\"ListItem\",\"position\":2,\"name\":\"Boutique\",\"item\":\"https:\\\/\\\/lacantinettaweb.com\\\/shop\\\/\"},{\"@type\":\"ListItem\",\"position\":3,\"name\":\"Adelseck Riesling Alte Reben Nahe Bianco 2023 Vin Fum\u00e9\"}]},{\"@type\":\"WebSite\",\"@id\":\"https:\\\/\\\/lacantinettaweb.com\\\/#website\",\"url\":\"https:\\\/\\\/lacantinettaweb.com\\\/\",\"name\":\"La Cantinetta Web\",\"description\":\"Enoteca online\",\"potentialAction\":[{\"@type\":\"SearchAction\",\"target\":{\"@type\":\"EntryPoint\",\"urlTemplate\":\"https:\\\/\\\/lacantinettaweb.com\\\/?s={search_term_string}\"},\"query-input\":{\"@type\":\"PropertyValueSpecification\",\"valueRequired\":true,\"valueName\":\"search_term_string\"}}],\"inLanguage\":\"fr-FR\"}]}<\/script>\n<!-- \/ Yoast SEO plugin. -->","yoast_head_json":{"title":"Adelseck Riesling Alte Reben Nahe Bianco 2023 Vin Fum\u00e9 - La Cantinetta Web","robots":{"index":"index","follow":"follow","max-snippet":"max-snippet:-1","max-image-preview":"max-image-preview:large","max-video-preview":"max-video-preview:-1"},"canonical":"https:\/\/lacantinettaweb.com\/prodotto\/adelseck-riesling-alte-reben-nahe-bianco-2023-vino-fermo\/","og_locale":"fr_FR","og_type":"article","og_title":"Adelseck Riesling Alte Reben Nahe Bianco 2023 Vin Fum\u00e9 - La Cantinetta Web","og_description":"Le Riesling Alte Reben 2023 de la cave ADELSECK est un vin blanc sec provenant de la r\u00e9gion de Nahe, l'une des zones viticoles les plus int\u00e9ressantes d'Allemagne. Ce Riesling est issu de vignobles situ\u00e9s sur des sols porphyriques, avec une exposition sud-ouest et une altitude...","og_url":"https:\/\/lacantinettaweb.com\/prodotto\/adelseck-riesling-alte-reben-nahe-bianco-2023-vino-fermo\/","og_site_name":"La Cantinetta Web","article_modified_time":"2025-10-16T09:17:18+00:00","og_image":[{"width":800,"height":976,"url":"https:\/\/lacantinettaweb.com\/wp-content\/uploads\/2025\/10\/VEGEADERIS23.jpg","type":"image\/jpeg"}],"twitter_card":"summary_large_image","twitter_misc":{"Dur\u00e9e de lecture estim\u00e9e":"1 minute"},"schema":{"@context":"https:\/\/schema.org","@graph":[{"@type":"WebPage","@id":"https:\/\/lacantinettaweb.com\/prodotto\/adelseck-riesling-alte-reben-nahe-bianco-2023-vino-fermo\/","url":"https:\/\/lacantinettaweb.com\/prodotto\/adelseck-riesling-alte-reben-nahe-bianco-2023-vino-fermo\/","name":"Adelseck Riesling Alte Reben Nahe Bianco 2023 Vin Fum\u00e9 - La Cantinetta Web","isPartOf":{"@id":"https:\/\/lacantinettaweb.com\/#website"},"primaryImageOfPage":{"@id":"https:\/\/lacantinettaweb.com\/prodotto\/adelseck-riesling-alte-reben-nahe-bianco-2023-vino-fermo\/#primaryimage"},"image":{"@id":"https:\/\/lacantinettaweb.com\/prodotto\/adelseck-riesling-alte-reben-nahe-bianco-2023-vino-fermo\/#primaryimage"},"thumbnailUrl":"https:\/\/lacantinettaweb.com\/wp-content\/uploads\/2025\/10\/VEGEADERIS23.jpg","datePublished":"2025-06-23T12:05:43+00:00","dateModified":"2025-10-16T09:17:18+00:00","breadcrumb":{"@id":"https:\/\/lacantinettaweb.com\/prodotto\/adelseck-riesling-alte-reben-nahe-bianco-2023-vino-fermo\/#breadcrumb"},"inLanguage":"fr-FR","potentialAction":[{"@type":"ReadAction","target":["https:\/\/lacantinettaweb.com\/prodotto\/adelseck-riesling-alte-reben-nahe-bianco-2023-vino-fermo\/"]}]},{"@type":"ImageObject","inLanguage":"fr-FR","@id":"https:\/\/lacantinettaweb.com\/prodotto\/adelseck-riesling-alte-reben-nahe-bianco-2023-vino-fermo\/#primaryimage","url":"https:\/\/lacantinettaweb.com\/wp-content\/uploads\/2025\/10\/VEGEADERIS23.jpg","contentUrl":"https:\/\/lacantinettaweb.com\/wp-content\/uploads\/2025\/10\/VEGEADERIS23.jpg","width":800,"height":976},{"@type":"BreadcrumbList","@id":"https:\/\/lacantinettaweb.com\/prodotto\/adelseck-riesling-alte-reben-nahe-bianco-2023-vino-fermo\/#breadcrumb","itemListElement":[{"@type":"ListItem","position":1,"name":"Home","item":"https:\/\/lacantinettaweb.com\/fr\/"},{"@type":"ListItem","position":2,"name":"Boutique","item":"https:\/\/lacantinettaweb.com\/shop\/"},{"@type":"ListItem","position":3,"name":"Adelseck Riesling Alte Reben Nahe Bianco 2023 Vin Fum\u00e9"}]},{"@type":"WebSite","@id":"https:\/\/lacantinettaweb.com\/#website","url":"https:\/\/lacantinettaweb.com\/","name":"La Cantinetta Web","description":"Enoteca online","potentialAction":[{"@type":"SearchAction","target":{"@type":"EntryPoint","urlTemplate":"https:\/\/lacantinettaweb.com\/?s={search_term_string}"},"query-input":{"@type":"PropertyValueSpecification","valueRequired":true,"valueName":"search_term_string"}}],"inLanguage":"fr-FR"}]}},"_links":{"self":[{"href":"https:\/\/lacantinettaweb.com\/fr\/wp-json\/wp\/v2\/product\/87749","targetHints":{"allow":["GET"]}}],"collection":[{"href":"https:\/\/lacantinettaweb.com\/fr\/wp-json\/wp\/v2\/product"}],"about":[{"href":"https:\/\/lacantinettaweb.com\/fr\/wp-json\/wp\/v2\/types\/product"}],"replies":[{"embeddable":true,"href":"https:\/\/lacantinettaweb.com\/fr\/wp-json\/wp\/v2\/comments?post=87749"}],"wp:featuredmedia":[{"embeddable":true,"href":"https:\/\/lacantinettaweb.com\/fr\/wp-json\/wp\/v2\/media\/60429"}],"wp:attachment":[{"href":"https:\/\/lacantinettaweb.com\/fr\/wp-json\/wp\/v2\/media?parent=87749"}],"wp:term":[{"taxonomy":"product_brand","embeddable":true,"href":"https:\/\/lacantinettaweb.com\/fr\/wp-json\/wp\/v2\/product_brand?post=87749"},{"taxonomy":"product_cat","embeddable":true,"href":"https:\/\/lacantinettaweb.com\/fr\/wp-json\/wp\/v2\/product_cat?post=87749"},{"taxonomy":"product_tag","embeddable":true,"href":"https:\/\/lacantinettaweb.com\/fr\/wp-json\/wp\/v2\/product_tag?post=87749"}],"curies":[{"name":"wp","href":"https:\/\/api.w.org\/{rel}","templated":true}]}}

Adelseck Riesling Alte Reben Nahe Bianco 2023 Vin Fumé

<p>Le Riesling Alte Reben 2023 de la cave ADELSECK est un vin blanc sec provenant de la région de Nahe, l&#039;une des zones viticoles les plus intéressantes d&#039;Allemagne. Ce Riesling est issu de vignobles situés sur des sols porphyriques, avec une exposition sud-ouest et une altitude de 80 mètres au-dessus du niveau de la mer, qui confèrent au vin un caractère distinctif et une richesse minérale unique. Millésime : 2023 Taux d&#039;alcool : 12,5 % Cave : Système de treillis VSP Vendange/Millésime : Manuelle en caisse avec sélection dans le vignoble début novembre Notes organoleptiques : Présente les notes variétales caractéristiques du Riesling, il est plein, corsé avec des rappels minéraux évidents Sol : Porphyrique Vignoble : Laubenheimer Karthuser 1ha &#8211; 3500 ceps/ha &#8211; espacement 1,50&#215;0,70 &#8211; altitude 80 m/SLM &#8211; exposition sud-ouest Vinification/Affinage : En cuves inox à basse température Rendement par hectare : 20 qx/ha Un vin qui se distingue par sa complexité et sa fraîcheur, idéal pour ceux qui souhaitent explorer les nuances typiques du Riesling de Nahe. Parfait à déguster avec des plats à base de poisson ou des fromages doux, c&#039;est un excellent choix pour enrichir sa cave avec une étiquette de qualité.</p>

<p>Le Riesling Alte Reben 2023 de la cave ADELSECK est un vin blanc sec provenant de la région de Nahe, l&#8217;une des zones viticoles les plus intéressantes d&#8217;Allemagne. Ce Riesling est issu de vignobles situés sur des sols porphyriques, avec une exposition sud-ouest et une altitude&#8230;</p>

<!-- This site is optimized with the Yoast SEO plugin v28.3 - https://yoast.com/product/yoast-seo-wordpress/ -->
<title>Adelseck Riesling Alte Reben Nahe Bianco 2023 Vin Fumé - La Cantinetta Web</title>
<meta name="robots" content="index, follow, max-snippet:-1, max-image-preview:large, max-video-preview:-1" />
<link rel="canonical" href="https://lacantinettaweb.com/prodotto/adelseck-riesling-alte-reben-nahe-bianco-2023-vino-fermo/" />
<meta property="og:locale" content="fr_FR" />
<meta property="og:type" content="article" />
<meta property="og:title" content="Adelseck Riesling Alte Reben Nahe Bianco 2023 Vin Fumé - La Cantinetta Web" />
<meta property="og:description" content="Le Riesling Alte Reben 2023 de la cave ADELSECK est un vin blanc sec provenant de la région de Nahe, l&#039;une des zones viticoles les plus intéressantes d&#039;Allemagne. Ce Riesling est issu de vignobles situés sur des sols porphyriques, avec une exposition sud-ouest et une altitude..." />
<meta property="og:url" content="https://lacantinettaweb.com/prodotto/adelseck-riesling-alte-reben-nahe-bianco-2023-vino-fermo/" />
<meta property="og:site_name" content="La Cantinetta Web" />
<meta property="article:modified_time" content="2025-10-16T09:17:18+00:00" />
<meta property="og:image" content="https://lacantinettaweb.com/wp-content/uploads/2025/10/VEGEADERIS23.jpg" />
	<meta property="og:image:width" content="800" />
	<meta property="og:image:height" content="976" />
	<meta property="og:image:type" content="image/jpeg" />
<meta name="twitter:card" content="summary_large_image" />
<meta name="twitter:label1" content="Durée de lecture estimée" />
	<meta name="twitter:data1" content="1 minute" />
<script type="application/ld+json" class="yoast-schema-graph">{"@context":"https:\/\/schema.org","@graph":[{"@type":"WebPage","@id":"https:\/\/lacantinettaweb.com\/prodotto\/adelseck-riesling-alte-reben-nahe-bianco-2023-vino-fermo\/","url":"https:\/\/lacantinettaweb.com\/prodotto\/adelseck-riesling-alte-reben-nahe-bianco-2023-vino-fermo\/","name":"Adelseck Riesling Alte Reben Nahe Bianco 2023 Vin Fumé - La Cantinetta Web","isPartOf":{"@id":"https:\/\/lacantinettaweb.com\/#website"},"primaryImageOfPage":{"@id":"https:\/\/lacantinettaweb.com\/prodotto\/adelseck-riesling-alte-reben-nahe-bianco-2023-vino-fermo\/#primaryimage"},"image":{"@id":"https:\/\/lacantinettaweb.com\/prodotto\/adelseck-riesling-alte-reben-nahe-bianco-2023-vino-fermo\/#primaryimage"},"thumbnailUrl":"https:\/\/lacantinettaweb.com\/wp-content\/uploads\/2025\/10\/VEGEADERIS23.jpg","datePublished":"2025-06-23T12:05:43+00:00","dateModified":"2025-10-16T09:17:18+00:00","breadcrumb":{"@id":"https:\/\/lacantinettaweb.com\/prodotto\/adelseck-riesling-alte-reben-nahe-bianco-2023-vino-fermo\/#breadcrumb"},"inLanguage":"fr-FR","potentialAction":[{"@type":"ReadAction","target":["https:\/\/lacantinettaweb.com\/prodotto\/adelseck-riesling-alte-reben-nahe-bianco-2023-vino-fermo\/"]}]},{"@type":"ImageObject","inLanguage":"fr-FR","@id":"https:\/\/lacantinettaweb.com\/prodotto\/adelseck-riesling-alte-reben-nahe-bianco-2023-vino-fermo\/#primaryimage","url":"https:\/\/lacantinettaweb.com\/wp-content\/uploads\/2025\/10\/VEGEADERIS23.jpg","contentUrl":"https:\/\/lacantinettaweb.com\/wp-content\/uploads\/2025\/10\/VEGEADERIS23.jpg","width":800,"height":976},{"@type":"BreadcrumbList","@id":"https:\/\/lacantinettaweb.com\/prodotto\/adelseck-riesling-alte-reben-nahe-bianco-2023-vino-fermo\/#breadcrumb","itemListElement":[{"@type":"ListItem","position":1,"name":"Home","item":"https:\/\/lacantinettaweb.com\/fr\/"},{"@type":"ListItem","position":2,"name":"Boutique","item":"https:\/\/lacantinettaweb.com\/shop\/"},{"@type":"ListItem","position":3,"name":"Adelseck Riesling Alte Reben Nahe Bianco 2023 Vin Fumé"}]},{"@type":"WebSite","@id":"https:\/\/lacantinettaweb.com\/#website","url":"https:\/\/lacantinettaweb.com\/","name":"La Cantinetta Web","description":"Enoteca online","potentialAction":[{"@type":"SearchAction","target":{"@type":"EntryPoint","urlTemplate":"https:\/\/lacantinettaweb.com\/?s={search_term_string}"},"query-input":{"@type":"PropertyValueSpecification","valueRequired":true,"valueName":"search_term_string"}}],"inLanguage":"fr-FR"}]}</script>
<!-- / Yoast SEO plugin. -->

Adelseck Riesling Alte Reben Nahe Bianco 2023 Vin Fumé - La Cantinetta Web

Le Riesling Alte Reben 2023 de la cave ADELSECK est un vin blanc sec provenant de la région de Nahe, l'une des zones viticoles les plus intéressantes d'Allemagne. Ce Riesling est issu de vignobles situés sur des sols porphyriques, avec une exposition sud-ouest et une altitude...
